{"id":134,"date":"2025-11-11T21:34:02","date_gmt":"2025-11-11T21:34:02","guid":{"rendered":"https:\/\/sebraservice.se\/?page_id=134"},"modified":"2025-12-05T16:35:28","modified_gmt":"2025-12-05T16:35:28","slug":"om-oss","status":"publish","type":"page","link":"https:\/\/sebraservice.se\/?page_id=134","title":{"rendered":"Om oss"},"content":{"rendered":"<p>[et_pb_section fb_built=&#8221;1&#8243; admin_label=&#8221;Header&#8221; _builder_version=&#8221;4.16&#8243; _module_preset=&#8221;default&#8221; background_color=&#8221;#f1f3f7&#8243; background_image=&#8221;https:\/\/sebraservice.se\/wp-content\/uploads\/2025\/11\/window-cleaning_12.png&#8221; background_position=&#8221;bottom_center&#8221; locked=&#8221;off&#8221; global_colors_info=&#8221;{}&#8221;][et_pb_row _builder_version=&#8221;4.16&#8243; _module_preset=&#8221;default&#8221; global_colors_info=&#8221;{}&#8221;][et_pb_column type=&#8221;4_4&#8243; _builder_version=&#8221;4.16&#8243; _module_preset=&#8221;default&#8221; z_index=&#8221;15&#8243; custom_padding_tablet=&#8221;0px||||false|false&#8221; custom_padding_last_edited=&#8221;off|desktop&#8221; global_colors_info=&#8221;{}&#8221;][et_pb_text _builder_version=&#8221;4.16&#8243; _module_preset=&#8221;default&#8221; header_font=&#8221;Candal||||||||&#8221; header_font_size=&#8221;76px&#8221; header_letter_spacing=&#8221;-2.67px&#8221; header_line_height=&#8221;1.2em&#8221; header_font_size_tablet=&#8221;50px&#8221; header_font_size_phone=&#8221;30px&#8221; header_font_size_last_edited=&#8221;on|phone&#8221; locked=&#8221;off&#8221; global_colors_info=&#8221;{}&#8221;]<\/p>\n<h1>Om oss<\/h1>\n<p>[\/et_pb_text][\/et_pb_column][\/et_pb_row][et_pb_row column_structure=&#8221;1_2,1_2&#8243; _builder_version=&#8221;4.16&#8243; _module_preset=&#8221;default&#8221; global_colors_info=&#8221;{}&#8221;][et_pb_column type=&#8221;1_2&#8243; _builder_version=&#8221;4.16&#8243; _module_preset=&#8221;default&#8221; z_index=&#8221;15&#8243; custom_padding_tablet=&#8221;0px||||false|false&#8221; custom_padding_last_edited=&#8221;off|desktop&#8221; global_colors_info=&#8221;{}&#8221;][et_pb_text _builder_version=&#8221;4.27.4&#8243; _module_preset=&#8221;default&#8221; text_font=&#8221;||||||||&#8221; text_text_color=&#8221;#666666&#8243; text_font_size=&#8221;18px&#8221; text_line_height=&#8221;2em&#8221; max_width=&#8221;800px&#8221; text_font_size_tablet=&#8221;16px&#8221; text_font_size_phone=&#8221;14px&#8221; text_font_size_last_edited=&#8221;on|phone&#8221; text_line_height_phone=&#8221;1.6em&#8221; text_line_height_last_edited=&#8221;off|desktop&#8221; locked=&#8221;off&#8221; global_colors_info=&#8221;{}&#8221;]<\/p>\n<p data-start=\"162\" data-end=\"499\">SeBra F\u00f6nsterputs grundades i september 2025 av Axel Elison \u2013 en entrepren\u00f6r med ett starkt driv och ett intresse f\u00f6r att bygga n\u00e5got eget fr\u00e5n grunden. F\u00f6retaget startade som ett UF-f\u00f6retag, men med tydliga ambitioner att v\u00e4xa och etablera sig som ett sj\u00e4lvklart val f\u00f6r b\u00e5de privatpersoner och f\u00f6retag i Halland och G\u00f6teborgsomr\u00e5det.<\/p>\n<p data-start=\"501\" data-end=\"736\">Vi erbjuder professionell f\u00f6nsterputs och h\u00f6gtryckstv\u00e4tt, alltid med fokus p\u00e5 noggrannhet, service och p\u00e5litlighet. V\u00e5rt m\u00e5l \u00e4r att varje kund ska k\u00e4nna sig trygg med att arbetet blir utf\u00f6rt snabbt, effektivt och med h\u00f6gsta kvalitet.<\/p>\n<p>[\/et_pb_text][\/et_pb_column][et_pb_column type=&#8221;1_2&#8243; _builder_version=&#8221;4.16&#8243; _module_preset=&#8221;default&#8221; z_index=&#8221;15&#8243; custom_padding_tablet=&#8221;0px||||false|false&#8221; custom_padding_last_edited=&#8221;off|desktop&#8221; global_colors_info=&#8221;{}&#8221;][et_pb_text _builder_version=&#8221;4.16&#8243; _module_preset=&#8221;default&#8221; text_font=&#8221;||||||||&#8221; text_text_color=&#8221;#666666&#8243; text_font_size=&#8221;18px&#8221; text_line_height=&#8221;2em&#8221; max_width=&#8221;800px&#8221; custom_padding=&#8221;|60px|3px||false|false&#8221; custom_padding_tablet=&#8221;|0px|||false|false&#8221; custom_padding_phone=&#8221;&#8221; custom_padding_last_edited=&#8221;on|phone&#8221; text_font_size_tablet=&#8221;16px&#8221; text_font_size_phone=&#8221;14px&#8221; text_font_size_last_edited=&#8221;on|phone&#8221; text_line_height_phone=&#8221;1.6em&#8221; text_line_height_last_edited=&#8221;off|desktop&#8221; locked=&#8221;off&#8221; global_colors_info=&#8221;{}&#8221;]<\/p>\n<p data-start=\"738\" data-end=\"958\">Som ett lokalt f\u00f6retag med ett litet men engagerat team v\u00e4rdes\u00e4tter vi varje uppdrag h\u00f6gt. Vi vet att detaljerna g\u00f6r skillnaden \u2013 och vi str\u00e4var alltid efter att l\u00e4mna skinande rena resultat och n\u00f6jda kunder bakom oss.<\/p>\n<p data-start=\"960\" data-end=\"1152\">SeBra F\u00f6nsterputs har stora m\u00e5l f\u00f6r framtiden. Vi vill forts\u00e4tta v\u00e4xa, skapa arbetstillf\u00e4llen och bli ett f\u00f6retag som fler kan lita p\u00e5 \u2013 b\u00e5de f\u00f6r renare f\u00f6nster och f\u00f6r en renare upplevelse.<\/p>\n<p>[\/et_pb_text][\/et_pb_column][\/et_pb_row][\/et_pb_section][et_pb_section fb_built=&#8221;1&#8243; admin_label=&#8221;Video&#8221; _builder_version=&#8221;4.16&#8243; _module_preset=&#8221;default&#8221; background_color=&#8221;#f1f3f7&#8243; background_enable_image=&#8221;off&#8221; background_size=&#8221;contain&#8221; background_position=&#8221;top_left&#8221; locked=&#8221;off&#8221; global_colors_info=&#8221;{}&#8221;][et_pb_row _builder_version=&#8221;4.16&#8243; _module_preset=&#8221;default&#8221; global_colors_info=&#8221;{}&#8221;][et_pb_column type=&#8221;4_4&#8243; _builder_version=&#8221;4.16&#8243; _module_preset=&#8221;default&#8221; global_colors_info=&#8221;{}&#8221;][et_pb_video src=&#8221;https:\/\/www.youtube.com\/watch?v=FkQuawiGWUw&#8221; image_src=&#8221;https:\/\/sebraservice.se\/wp-content\/uploads\/2025\/11\/window-cleaning_74.jpg&#8221; thumbnail_overlay_color=&#8221;rgba(0,0,0,0.6)&#8221; _builder_version=&#8221;4.16&#8243; _module_preset=&#8221;default&#8221; global_colors_info=&#8221;{}&#8221;][\/et_pb_video][\/et_pb_column][\/et_pb_row][\/et_pb_section][et_pb_section fb_built=&#8221;1&#8243; admin_label=&#8221;Story&#8221; _builder_version=&#8221;4.16&#8243; _module_preset=&#8221;default&#8221; background_color=&#8221;#f1f3f7&#8243; background_enable_image=&#8221;off&#8221; background_size=&#8221;contain&#8221; background_position=&#8221;top_left&#8221; global_colors_info=&#8221;{}&#8221;][et_pb_row column_structure=&#8221;1_2,1_2&#8243; _builder_version=&#8221;4.16&#8243; _module_preset=&#8221;default&#8221; global_colors_info=&#8221;{}&#8221;][et_pb_column type=&#8221;1_2&#8243; _builder_version=&#8221;4.16&#8243; _module_preset=&#8221;default&#8221; global_colors_info=&#8221;{}&#8221;][et_pb_image src=&#8221;https:\/\/sebraservice.se\/wp-content\/uploads\/2025\/11\/window-cleaning_75.jpg&#8221; title_text=&#8221;window-cleaning_75&#8243; _builder_version=&#8221;4.16&#8243; _module_preset=&#8221;default&#8221; width=&#8221;70%&#8221; border_radii=&#8221;on|100%|100%|100%|100%&#8221; border_width_all=&#8221;24px&#8221; border_color_all=&#8221;#ffffff&#8221; box_shadow_style=&#8221;preset3&#8243; box_shadow_vertical=&#8221;18px&#8221; box_shadow_blur=&#8221;30px&#8221; box_shadow_spread=&#8221;0px&#8221; box_shadow_color=&#8221;#E5E8EF&#8221; locked=&#8221;off&#8221; global_colors_info=&#8221;{}&#8221;][\/et_pb_image][et_pb_image src=&#8221;https:\/\/sebraservice.se\/wp-content\/uploads\/2025\/11\/window-cleaning_76.jpg&#8221; title_text=&#8221;window-cleaning_76&#8243; _builder_version=&#8221;4.16&#8243; _module_preset=&#8221;default&#8221; width=&#8221;40%&#8221; module_alignment=&#8221;right&#8221; custom_margin=&#8221;-10%||||false|false&#8221; border_radii=&#8221;on|100%|100%|100%|100%&#8221; border_width_all=&#8221;18px&#8221; border_color_all=&#8221;#ffffff&#8221; box_shadow_style=&#8221;preset3&#8243; box_shadow_vertical=&#8221;18px&#8221; box_shadow_blur=&#8221;30px&#8221; box_shadow_spread=&#8221;0px&#8221; box_shadow_color=&#8221;#E5E8EF&#8221; locked=&#8221;off&#8221; global_colors_info=&#8221;{}&#8221;][\/et_pb_image][et_pb_image src=&#8221;https:\/\/sebraservice.se\/wp-content\/uploads\/2025\/11\/window-cleaning_77.jpg&#8221; title_text=&#8221;window-cleaning_77&#8243; _builder_version=&#8221;4.16&#8243; _module_preset=&#8221;default&#8221; width=&#8221;30%&#8221; custom_margin=&#8221;-20%|||20%|false|false&#8221; border_radii=&#8221;on|100%|100%|100%|100%&#8221; border_width_all=&#8221;13px&#8221; border_color_all=&#8221;#ffffff&#8221; box_shadow_style=&#8221;preset3&#8243; box_shadow_vertical=&#8221;18px&#8221; box_shadow_blur=&#8221;30px&#8221; box_shadow_spread=&#8221;0px&#8221; box_shadow_color=&#8221;#E5E8EF&#8221; locked=&#8221;off&#8221; global_colors_info=&#8221;{}&#8221;][\/et_pb_image][\/et_pb_column][et_pb_column type=&#8221;1_2&#8243; _builder_version=&#8221;4.16&#8243; _module_preset=&#8221;default&#8221; custom_padding=&#8221;10%||||false|false&#8221; global_colors_info=&#8221;{}&#8221;][et_pb_text _builder_version=&#8221;4.16&#8243; _module_preset=&#8221;default&#8221; header_font=&#8221;Candal||||||||&#8221; header_font_size=&#8221;80px&#8221; header_letter_spacing=&#8221;-2.67px&#8221; header_line_height=&#8221;1.2em&#8221; header_2_font=&#8221;Candal||||||||&#8221; header_2_font_size=&#8221;60px&#8221; header_2_letter_spacing=&#8221;-2px&#8221; header_2_line_height=&#8221;1.2em&#8221; header_font_size_tablet=&#8221;50px&#8221; header_font_size_phone=&#8221;30px&#8221; header_font_size_last_edited=&#8221;on|phone&#8221; header_2_font_size_tablet=&#8221;40px&#8221; header_2_font_size_phone=&#8221;24px&#8221; header_2_font_size_last_edited=&#8221;on|desktop&#8221; locked=&#8221;off&#8221; global_colors_info=&#8221;{}&#8221;]<\/p>\n<h2>V\u00e5r story<\/h2>\n<p>[\/et_pb_text][et_pb_text _builder_version=&#8221;4.27.4&#8243; _module_preset=&#8221;default&#8221; text_font=&#8221;||||||||&#8221; text_text_color=&#8221;#666666&#8243; text_font_size=&#8221;16px&#8221; text_line_height=&#8221;2em&#8221; hover_enabled=&#8221;0&#8243; text_font_size_phone=&#8221;14px&#8221; text_font_size_last_edited=&#8221;off|phone&#8221; text_line_height_phone=&#8221;1.6em&#8221; text_line_height_last_edited=&#8221;off|desktop&#8221; locked=&#8221;off&#8221; global_colors_info=&#8221;{}&#8221; sticky_enabled=&#8221;0&#8243;]<\/p>\n<p data-start=\"901\" data-end=\"1139\">Vi p\u00e5 SeBra F\u00f6nsterputs erbjuder professionell f\u00f6nsterputs f\u00f6r b\u00e5de privatpersoner och f\u00f6retag. Oavsett om det g\u00e4ller villaf\u00f6nster, kontor, butiker eller st\u00f6rre fastigheter ser vi till att varje yta blir skinande ren.<\/p>\n<p data-start=\"1141\" data-end=\"1353\">Vi arbetar i Halland \u2013 fr\u00e4mst i Onsala \u2013 men utf\u00f6r \u00e4ven uppdrag i G\u00f6teborgsomr\u00e5det. Med snabb service, noggrannhet och p\u00e5litlighet som ledord ser vi till att varje kund f\u00e5r ett resultat de kan vara stolta \u00f6ver.<\/p>\n<p data-start=\"1355\" data-end=\"1476\">F\u00f6r oss handlar det inte bara om rena f\u00f6nster, utan ocks\u00e5 om att skapa f\u00f6rtroende, trygghet och l\u00e5ngsiktiga samarbeten.<\/p>\n<p>[\/et_pb_text][\/et_pb_column][\/et_pb_row][\/et_pb_section][et_pb_section fb_built=&#8221;1&#8243; admin_label=&#8221;What We Do&#8221; _builder_version=&#8221;4.16&#8243; _module_preset=&#8221;default&#8221; background_color=&#8221;#f1f3f7&#8243; background_image=&#8221;https:\/\/sebraservice.se\/wp-content\/uploads\/2025\/11\/window-cleaning_45.png&#8221; background_size=&#8221;contain&#8221; background_position=&#8221;center_right&#8221; custom_padding=&#8221;100px||100px||true|false&#8221; global_colors_info=&#8221;{}&#8221;][\/et_pb_section]<\/p>\n","protected":false},"excerpt":{"rendered":"<p>Om ossSeBra F\u00f6nsterputs grundades i september 2025 av Axel Elison \u2013 en entrepren\u00f6r med ett starkt driv och ett intresse f\u00f6r att bygga n\u00e5got eget fr\u00e5n grunden. F\u00f6retaget startade som ett UF-f\u00f6retag, men med tydliga ambitioner att v\u00e4xa och etablera sig som ett sj\u00e4lvklart val f\u00f6r b\u00e5de privatpersoner och f\u00f6retag i Halland och G\u00f6teborgsomr\u00e5det. Vi [&hellip;]<\/p>\n","protected":false},"author":1,"featured_media":0,"parent":0,"menu_order":0,"comment_status":"closed","ping_status":"closed","template":"","meta":{"_et_pb_use_builder":"on","_et_pb_old_content":"","_et_gb_content_width":"","_glsr_average":0,"_glsr_ranking":0,"_glsr_reviews":0,"footnotes":""},"class_list":["post-134","page","type-page","status-publish","hentry"],"_links":{"self":[{"href":"https:\/\/sebraservice.se\/index.php?rest_route=\/wp\/v2\/pages\/134","targetHints":{"allow":["GET"]}}],"collection":[{"href":"https:\/\/sebraservice.se\/index.php?rest_route=\/wp\/v2\/pages"}],"about":[{"href":"https:\/\/sebraservice.se\/index.php?rest_route=\/wp\/v2\/types\/page"}],"author":[{"embeddable":true,"href":"https:\/\/sebraservice.se\/index.php?rest_route=\/wp\/v2\/users\/1"}],"replies":[{"embeddable":true,"href":"https:\/\/sebraservice.se\/index.php?rest_route=%2Fwp%2Fv2%2Fcomments&post=134"}],"version-history":[{"count":7,"href":"https:\/\/sebraservice.se\/index.php?rest_route=\/wp\/v2\/pages\/134\/revisions"}],"predecessor-version":[{"id":298,"href":"https:\/\/sebraservice.se\/index.php?rest_route=\/wp\/v2\/pages\/134\/revisions\/298"}],"wp:attachment":[{"href":"https:\/\/sebraservice.se\/index.php?rest_route=%2Fwp%2Fv2%2Fmedia&parent=134"}],"curies":[{"name":"wp","href":"https:\/\/api.w.org\/{rel}","templated":true}]}}